t of g(q)?
2
Let z(f) = f**3 + 7*f**2 - 10*f - 1. Let l be z(-8). Let p(d) = -d**3 + 15*d**2 + d + 16. What is the units digit of p(l)?
1
Let d(r) = r**3 + 8*r**2 - 6*r - 2. Let y be d(-8). What is the units digit of (5 + -4)*y - 0?
6
Suppose 0 = -l - 3*l + d - 24, -3*d + 2 = -2*l. Let m = -7 - l. Suppose m*h = -5*h + 5. What is the units digit of h?
1
Let l(p) = p**3 - 8*p**2 - 9*p + 10. Let y be l(9). Suppose 0 = -3*u + 5*u + 2. Let k = y - u. What is the units digit of k?
1
Suppose -3*h - h - 3*r = -292, -5*h = 2*r - 358. What is the units digit of h?
0
Let i(z) = z**2 + 5*z + 4. Let k(h) = -h**2 - h - 1. Let x(f) = -i(f) - 2*k(f). Let w be x(4). What is the units digit of (-62)/(-8) + w/8?
8
Let z be (-16)/6*(-102)/8. Suppose 2*m = -8 - z. Let t = m + 35. What is the units digit of t?
4
Suppose -12*y + 16 = -4*y. Let t(g) be the third derivative of 7*g**4/24 + g**2. What is the units digit of t(y)?
4
Let t(q) = -q**2 - 6*q - 7. Let k be t(-5). Let x = 3 + k. What is the units digit of 28/12 - x/3?
2
Let f(v) = 8*v - 5. Let y(g) = 40*g - 24. Let t(d) = -24*f(d) + 5*y(d). Let j be t(3). Suppose q + q = -4*u + j, -u - 9 = -2*q. What is the units digit of q?
6
Suppose -2*p - 5*m + 5 = 3, -3 = -3*p - 4*m. What is the tens digit of p/4 - (-94)/8?
1
Let v be 3/(-2 - 38/(-16)). Suppose v*q - 3*q - 185 = 0. What is the units digit of q?
7
Let z be 1/((-2)/(-12)*3). Suppose -z*m - 31 = -123. What is the units digit of m?
6
Suppose -8 - 20 = -4*a. Suppose 2*r + 1 = -4*o + a, 0 = -2*r - 2. What is the units digit of o?
2
Let s(w) = -3*w - 9. Let p = 15 - 21. What is the units digit of s(p)?
9
Let l(y) = -25*y - 21. What is the tens digit of l(-5)?
0
Let z be (2 - -5) + 2/(-2). Let c(s) = -2*s + 0 - 1 + 3*s. What is the units digit of c(z)?
5
Let s = -5 - -7. Suppose 5*v + t = 126, v + s*t - t = 26. Suppose -m - 4*m = -v. What is the units digit of m?
5
Let l = -11 + 8. What is the tens digit of 21 - l/((-9)/3)?
2
Let g = -16 + 25. Let f be (12 - 6)*(-22)/(-4). What is the units digit of f/27 - 2/g?
1
Suppose 4*h - 3*p - 33 = 0, -h - p = h - 9. Let z be 82/10 - h/30. Suppose 5*y - 21 = f, -3*f + 0*f = -4*y + z. What is the units digit of f?
4
Let t = 8 + -13. Let y = 39 + -14. What is the units digit of 155/y + 1/t?
6
Suppose -6 - 4 = -2*z. Suppose 18 - 3 = z*d. What is the units digit of d?
3
Suppose 0 = -3*n + 3 + 3. Suppose -6 = -4*h + h. Suppose -42 + 13 = -3*i - n*g, -g = h. What is the units digit of i?
1
Let m(o) = 10*o - 8. What is the units digit of m(19)?
2
Let m(o) = o**3 - 8*o**2 + 7*o - 4. Let l be m(7). Let s be 2/l + 18/4. Suppose s*x + 2 - 50 = 0. What is the tens digit of x?
1
Let s be (4/8)/(2/4). Let o(d) = 19*d**2 + 2*d - 1. What is the tens digit of o(s)?
2
Let a(p) = 4*p**2 + 6*p - 1. Let s(d) = d**2 - d. Let z(f) = -a(f) + 3*s(f). What is the units digit of z(-7)?
5
Let n(u) = 6*u**3 - u**2 - 3*u - 2. Let q be n(-3). Let t be q/(-14) + 2/7. Suppose i - t = -0*i. What is the units digit of i?
2
Let s(h) = -h**2 - 5*h + 1. Let l = 10 + -17. Let k be (0 + 3 + l)*1. What is the units digit of s(k)?
5
Let v(l) = -l**2 + 19*l - 16. What is the units digit of v(8)?
2
Let d(u) = u. Let j be d(5). Suppose -4*m + 0*m = -b - 26, -j*m - 3*b = -41. What is the units digit of m?
7
Suppose -5*c = 6*u - 4*u - 177, -3*c = -2*u + 217. What is the tens digit of u?
0
Suppose -6*r + 2*r = -8. Suppose 5*v - 33 = r. What is the units digit of v?
7
Suppose -15*f + 1461 = -144. What is the units digit of f?
7
What is the tens digit of -4 + 16134/78 - 4/(-26)?
0
Let l be -7*(-4)/(84/9). Suppose 2*n + 3*c = 65, -l*c + 35 = n + c. What is the units digit of n?
1
Suppose 0 = 4*f - 14 + 6. Suppose h - 5 = -4*w, -f*h + 0*h + 10 = -5*w. What is the units digit of w - 1*(1 + -2)?
1
Let k(h) = 13*h. Let c(q) = -q + 7. Let u be c(5). Let g be k(u). What is the tens digit of (g + -2)/3 - -2?
1
Let z = -94 - -136. What is the units digit of z?
2
Let v = -2 - -3. Let p be v + 0 + (-5 - -46). What is the units digit of (-30)/(-7) + (-12)/p?
4
Let b(v) = 3 + 3*v**2 + 3*v + 0*v**2 - v**2. Let w be b(-2). Suppose l - w = a, -l = l - 4*a - 4. What is the units digit of l?
8
Suppose -13*c + 7*c + 1074 = 0. What is the units digit of c?
9
Let j be 41 - 6/9*3. Suppose -3*s + j = 6. What is the tens digit of s?
1
Let y(b) = 6*b**2 + 3*b - 5*b**2 - b**3 - 1 + 4*b**2 - 6*b. Let c(t) = t - 2. Let g be c(5). What is the units digit of y(g)?
8
What is the units digit of (1/(-3))/(6/(-72)) + 201?
5
Let y be ((-20)/15)/((-1)/3). Let d = 6 - y. Suppose -d*j + 7 + 15 = 0. What is the tens digit of j?
1
Let c(p) = 3*p**2 - 3*p - 3. Let j be c(3). Let m = 27 - j. What is the units digit of m?
2
Let z(d) be the second derivative of d**4/4 + d**3/3 - 3*d. Let b be z(3). Let t = b + -16. What is the units digit of t?
7
Let i(w) = -w**2 + 9*w - 2. Let h(g) = -g**3 - g**2 - 3*g - 2. Let p be h(-2). What is the units digit of i(p)?
6
Suppose -2*o + 6 = 5*l, 5*l - 15 = l - 5*o. What is the units digit of l*2/8 - -2?
2
Let c(u) = -u**2 - 6*u - 6. Let f be c(-4). Let i be 10*(88/10)/f. What is the tens digit of ((-2)/2)/((-4)/i)?
1
Suppose -4*g + 2*g + 16 = 0. Suppose o - 2*o = -g. Let j = 13 - o. What is the units digit of j?
5
Let d(v) = 2*v - 5. Let q = 14 + -8. What is the units digit of d(q)?
7
Let y = -3 + 7. What is the units digit of y/(4/3) + 15?
8
Let m(g) be the third derivative of -g**4/24 + 2*g**3/3 + g**2. Let f = -2 + 2. What is the units digit of m(f)?
4
Let h(v) = v**3 + 8*v**2 + 5*v - 4. Let s be h(-7). Suppose 1 = -b + s. Let w(o) = o**2 - 10*o + 10. What is the units digit of w(b)?
1
Let l(r) = r + 2*r + 3*r**2 + 1 + r**3 + r**2. What is the units digit of l(-3)?
1
Let s(y) = y**3 + 3*y**2 + 2*y. Let a be s(-2). Let v be -1 + a + 55/5. Let w = -5 + v. What is the units digit of w?
5
Let u(h) = h**2 + h - 3. Let s be u(-4). Let v = 11 - s. What is the units digit of v?
2
Suppose k = -0*k + 2*r - 5, -4 = -r. Let s(t) = 10*t + t + 9 - k*t + t**2. What is the units digit of s(-7)?
2
What is the units digit of 315/(-75)*-1*5?
1
Let b(s) = -6*s - 7 + 7 + 2*s**2. What is the units digit of b(4)?
8
Suppose -9*h = -14*h + 535. What is the hundreds digit of h?
1
Suppose -5*s - 41 - 19 = 0. What is the units digit of (-2)/(3 + -1)*s?
2
Suppose 4*s = -0*y + 2*y - 28, 106 = 4*y + 2*s. Suppose 4*z - y = z. Suppose -z = -5*v - c - 3, -2*v = 5*c + 21. What is the units digit of v?
2
Suppose 42 = 5*p - 2*p. Suppose -3*m - r = m - 69, m - 3*r = p. What is the units digit of m?
7
Suppose 7*h - 3*h = -8. Let t be 0 + 4 - 3 - h. Suppose r = t*r - 28. What is the tens digit of r?
1
Let b(t) = t**3 - 9*t**2 + 11*t - 2. What is the tens digit of b(8)?
2
Let c(b) = b - 1. Let z be c(-1). Let i = 31 + -26. Let d = i + z. What is the units digit of d?
3
Let g(n) = 2*n**2 + 13*n + 4. Let b = -22 + 13. What is the units digit of g(b)?
9
Let w(h) = -3*h - 5. Let a be (-6)/12*44/1. Let i = 16 + a. What is the tens digit of w(i)?
1
Let v = -22 + 37. What is the units digit of v?
5
Let i = 29 - -70. What is the units digit of i?
9
What is the units digit of (-32)/(-6) + 8/12?
6
Let w = 129 + -59. What is the tens digit of w?
7
Suppose 3*d + 5 = 2*n, 30 = 3*n + 4*d - 20. Let c be (-1)/3 + n/(-6). What is the units digit of -7*5/(35/c)?
2
Let g(o) = -o**3 + 4*o**2 + 2*o - 6. Let d be g(4). Suppose 5 = -d*p - 5. Let j = 0 - p. What is the units digit of j?
5
Let w = -26 - -45. Suppose -4*c = c + 4*p - 38, 3*p = c - w. What is the units digit of c?
0
Suppose 0 = 4*b - 17 - 19. What is the units digit of b?
9
Suppose 110*j + 548 = 112*j. What is the hundreds digit of j?
2
What is the hundreds digit of (113 - (-6 + 4))/((-2)/(-2))?
1
Suppose 4*c + 2*u - 4 = 6*c, 12 = -c - 4*u. Let t be c + 5 - 3/(-1). Suppose 1 = -t*y - 11, -3*y = 5*q - 41. What is the tens digit of q?
1
Suppose -29 = 4*c - 13. Let f be c/14 - 46/(-14). Suppose -10 = -z - f. What is the units digit of z?
7
Suppose 4*c = 4*z - 1176, -z - 4*c + 284 = -3*c. What is the hundreds digit of z?
2
Let z = -25 - -61. What is the tens digit of z?
3
Let h(q) = 4*q**3 + 9*q**2 - 5*q - 3. Let m(o) = 3*o**3 + 8*o**2 - 4*o - 3. Let d(a) = 6*h(a) - 7*m(a). What is the units digit of d(2)?
5
Suppose 2*o + 5*q - 64 = -0*q, -4*o + 128 = -4*q. What is the units d